{"id":15877,"date":"2026-09-01T12:58:45","date_gmt":"2026-09-01T12:58:45","guid":{"rendered":"https:\/\/www.oeuvre-orient.fr\/agenda\/christians-from-ukraine-a-struggle-for-freedom-in-perigueux\/"},"modified":"2026-09-03T07:04:12","modified_gmt":"2026-09-03T07:04:12","slug":"christians-from-ukraine-a-struggle-for-freedom-in-perigueux","status":"publish","type":"agenda","link":"https:\/\/www.oeuvre-orient.fr\/en\/agenda\/christians-from-ukraine-a-struggle-for-freedom-in-perigueux\/","title":{"rendered":"Christians from Ukraine: A Struggle for Freedom in P\u00e9rigueux"},"content":{"rendered":"\n<p class=\"has-text-align-center has-vivid-cyan-blue-color has-text-color has-link-color wp-elements-1 wp-block-paragraph\"><strong>Exhibition on Ukraine\u00a0<\/strong><\/p>\n\n\n\n<p class=\"has-text-align-center wp-block-paragraph\">July 15 through September 15, 2026<\/p>\n\n\n\n<p class=\"has-text-align-center wp-block-paragraph\">Saint-Front Cathedral, Place de la Clautre, 24000 &#8211; P\u00e9rigueux<\/p>\n\n\n\n<p class=\"wp-block-paragraph\">At the crossroads of the Catholic and Orthodox worlds, and <strong>of<\/strong> Slavic and Byzantine traditions, the <strong>Ukrainian Greek Catholic Church has a rich and complex history<\/strong>. This exhibition invites you to explore it.<\/p>\n\n\n\n<p class=\"wp-block-paragraph\">On Europe\u2019s eastern border, Ukraine has been <strong>rooted in Slavic culture and Byzantine Christianity<\/strong> since the 9th century. The Church emerged within Kievan Rus\u2019, an East Slavic principality, and grew alongside the history of that region. At the crossroads of influences from Constantinople, Rome, and Moscow, this position shaped <strong>a unique rite and spirituality<\/strong>. Though often marked by divisions, the Church of Kyiv remains driven by a desire for unity.<\/p>\n\n\n\n<p class=\"wp-block-paragraph\">The Ukrainian Greek Catholic Church holds a unique place. As the successor to the Church founded in Kyiv, which was united with Rome in the 16th century, it preserves its own rite and liturgy.\u00a0<strong>Often persecuted throughout its history,<\/strong> the Greek Catholic Church has been a cradle of the emergence of Ukrainian national identity and has fought for freedom.<br>Suppressed for 45 years under Soviet rule, it has experienced a remarkable revival since the 1990s. In the war with Russia, the Greek Catholic Church provides <strong>social and spiritual support for the benefit of all<\/strong>. This exhibition invites us to discover its tumultuous history and, through it, the history of Ukraine as a whole.<\/p>\n","protected":false},"excerpt":{"rendered":"<p>Exhibition on Ukraine\u00a0 July 15 through September 15, 2026 Saint-Front Cathedral, Place de la Clautre, 24000 &#8211; P\u00e9rigueux At the crossroads of the Catholic and Orthodox worlds, and of Slavic and Byzantine traditions, the Ukrainian Greek Catholic Church has a rich and complex history. This exhibition invites you to explore it. On Europe\u2019s eastern border, [&hellip;]<\/p>\n","protected":false},"featured_media":15411,"template":"","tags":[],"thematique":[83],"class_list":["post-15877","agenda","type-agenda","status-publish","has-post-thumbnail","hentry","thematique-culture"],"acf":[],"yoast_head":"<!-- This site is optimized with the Yoast SEO plugin v28.4 - https:\/\/yoast.com\/product\/yoast-seo-wordpress\/ -->\n<title>Christians from Ukraine: A Struggle for Freedom in P\u00e9rigueux - \u0152uvre d&#039;orient<\/title>\n<meta name=\"robots\" content=\"index, follow, max-snippet:-1, max-image-preview:large, max-video-preview:-1\" \/>\n<link rel=\"canonical\" href=\"https:\/\/www.oeuvre-orient.fr\/en\/agenda\/christians-from-ukraine-a-struggle-for-freedom-in-perigueux\/\" \/>\n<meta property=\"og:locale\" content=\"en_US\" \/>\n<meta property=\"og:type\" content=\"article\" \/>\n<meta property=\"og:title\" content=\"Christians from Ukraine: A Struggle for Freedom in P\u00e9rigueux - \u0152uvre d&#039;orient\" \/>\n<meta property=\"og:description\" content=\"Exhibition on Ukraine\u00a0 July 15 through September 15, 2026 Saint-Front Cathedral, Place de la Clautre, 24000 &#8211; P\u00e9rigueux At the crossroads of the Catholic and Orthodox worlds, and of Slavic and Byzantine traditions, the Ukrainian Greek Catholic Church has a rich and complex history. This exhibition invites you to explore it. On Europe\u2019s eastern border, [&hellip;]\" \/>\n<meta property=\"og:url\" content=\"https:\/\/www.oeuvre-orient.fr\/en\/agenda\/christians-from-ukraine-a-struggle-for-freedom-in-perigueux\/\" \/>\n<meta property=\"og:site_name\" content=\"\u0152uvre d&#039;orient\" \/>\n<meta property=\"article:modified_time\" content=\"2026-09-03T07:04:12+00:00\" \/>\n<meta property=\"og:image\" content=\"https:\/\/www.oeuvre-orient.fr\/wp-content\/uploads\/2026\/09\/20.jpg\" \/>\n\t<meta property=\"og:image:width\" content=\"1024\" \/>\n\t<meta property=\"og:image:height\" content=\"581\" \/>\n\t<meta property=\"og:image:type\" content=\"image\/jpeg\" \/>\n<meta name=\"twitter:card\" content=\"summary_large_image\" \/>\n<meta name=\"twitter:label1\" content=\"Est. reading time\" \/>\n\t<meta name=\"twitter:data1\" content=\"2 minutes\" \/>\n<script type=\"application\/ld+json\" class=\"yoast-schema-graph\">{\"@context\":\"https:\\\/\\\/schema.org\",\"@graph\":[{\"@type\":\"WebPage\",\"@id\":\"https:\\\/\\\/www.oeuvre-orient.fr\\\/en\\\/agenda\\\/christians-from-ukraine-a-struggle-for-freedom-in-perigueux\\\/\",\"url\":\"https:\\\/\\\/www.oeuvre-orient.fr\\\/en\\\/agenda\\\/christians-from-ukraine-a-struggle-for-freedom-in-perigueux\\\/\",\"name\":\"Christians from Ukraine: A Struggle for Freedom in P\u00e9rigueux - \u0152uvre d&#039;orient\",\"isPartOf\":{\"@id\":\"https:\\\/\\\/www.oeuvre-orient.fr\\\/#website\"},\"primaryImageOfPage\":{\"@id\":\"https:\\\/\\\/www.oeuvre-orient.fr\\\/en\\\/agenda\\\/christians-from-ukraine-a-struggle-for-freedom-in-perigueux\\\/#primaryimage\"},\"image\":{\"@id\":\"https:\\\/\\\/www.oeuvre-orient.fr\\\/en\\\/agenda\\\/christians-from-ukraine-a-struggle-for-freedom-in-perigueux\\\/#primaryimage\"},\"thumbnailUrl\":\"https:\\\/\\\/www.oeuvre-orient.fr\\\/wp-content\\\/uploads\\\/2026\\\/09\\\/20.jpg\",\"datePublished\":\"2026-09-01T12:58:45+00:00\",\"dateModified\":\"2026-09-03T07:04:12+00:00\",\"breadcrumb\":{\"@id\":\"https:\\\/\\\/www.oeuvre-orient.fr\\\/en\\\/agenda\\\/christians-from-ukraine-a-struggle-for-freedom-in-perigueux\\\/#breadcrumb\"},\"inLanguage\":\"en-US\",\"potentialAction\":[{\"@type\":\"ReadAction\",\"target\":[\"https:\\\/\\\/www.oeuvre-orient.fr\\\/en\\\/agenda\\\/christians-from-ukraine-a-struggle-for-freedom-in-perigueux\\\/\"]}]},{\"@type\":\"ImageObject\",\"inLanguage\":\"en-US\",\"@id\":\"https:\\\/\\\/www.oeuvre-orient.fr\\\/en\\\/agenda\\\/christians-from-ukraine-a-struggle-for-freedom-in-perigueux\\\/#primaryimage\",\"url\":\"https:\\\/\\\/www.oeuvre-orient.fr\\\/wp-content\\\/uploads\\\/2026\\\/09\\\/20.jpg\",\"contentUrl\":\"https:\\\/\\\/www.oeuvre-orient.fr\\\/wp-content\\\/uploads\\\/2026\\\/09\\\/20.jpg\",\"width\":1024,\"height\":581,\"caption\":\"Activit\u00e9 des 180 s\u00e9minaristes d'Ivano Frankivsk durant l'ann\u00e9e 2023-2024.\"},{\"@type\":\"BreadcrumbList\",\"@id\":\"https:\\\/\\\/www.oeuvre-orient.fr\\\/en\\\/agenda\\\/christians-from-ukraine-a-struggle-for-freedom-in-perigueux\\\/#breadcrumb\",\"itemListElement\":[{\"@type\":\"ListItem\",\"position\":1,\"name\":\"Home\",\"item\":\"https:\\\/\\\/www.oeuvre-orient.fr\\\/en\\\/\"},{\"@type\":\"ListItem\",\"position\":2,\"name\":\"Calendar\",\"item\":\"https:\\\/\\\/www.oeuvre-orient.fr\\\/en\\\/agenda\\\/\"},{\"@type\":\"ListItem\",\"position\":3,\"name\":\"Christians from Ukraine: A Struggle for Freedom in P\u00e9rigueux\"}]},{\"@type\":\"WebSite\",\"@id\":\"https:\\\/\\\/www.oeuvre-orient.fr\\\/#website\",\"url\":\"https:\\\/\\\/www.oeuvre-orient.fr\\\/\",\"name\":\"\u0152uvre d&#039;orient\",\"description\":\"\",\"potentialAction\":[{\"@type\":\"SearchAction\",\"target\":{\"@type\":\"EntryPoint\",\"urlTemplate\":\"https:\\\/\\\/www.oeuvre-orient.fr\\\/?s={search_term_string}\"},\"query-input\":{\"@type\":\"PropertyValueSpecification\",\"valueRequired\":true,\"valueName\":\"search_term_string\"}}],\"inLanguage\":\"en-US\"}]}<\/script>\n<!-- \/ Yoast SEO plugin. -->","yoast_head_json":{"title":"Christians from Ukraine: A Struggle for Freedom in P\u00e9rigueux - \u0152uvre d&#039;orient","robots":{"index":"index","follow":"follow","max-snippet":"max-snippet:-1","max-image-preview":"max-image-preview:large","max-video-preview":"max-video-preview:-1"},"canonical":"https:\/\/www.oeuvre-orient.fr\/en\/agenda\/christians-from-ukraine-a-struggle-for-freedom-in-perigueux\/","og_locale":"en_US","og_type":"article","og_title":"Christians from Ukraine: A Struggle for Freedom in P\u00e9rigueux - \u0152uvre d&#039;orient","og_description":"Exhibition on Ukraine\u00a0 July 15 through September 15, 2026 Saint-Front Cathedral, Place de la Clautre, 24000 &#8211; P\u00e9rigueux At the crossroads of the Catholic and Orthodox worlds, and of Slavic and Byzantine traditions, the Ukrainian Greek Catholic Church has a rich and complex history. This exhibition invites you to explore it. On Europe\u2019s eastern border, [&hellip;]","og_url":"https:\/\/www.oeuvre-orient.fr\/en\/agenda\/christians-from-ukraine-a-struggle-for-freedom-in-perigueux\/","og_site_name":"\u0152uvre d&#039;orient","article_modified_time":"2026-09-03T07:04:12+00:00","og_image":[{"width":1024,"height":581,"url":"https:\/\/www.oeuvre-orient.fr\/wp-content\/uploads\/2026\/09\/20.jpg","type":"image\/jpeg"}],"twitter_card":"summary_large_image","twitter_misc":{"Est. reading time":"2 minutes"},"schema":{"@context":"https:\/\/schema.org","@graph":[{"@type":"WebPage","@id":"https:\/\/www.oeuvre-orient.fr\/en\/agenda\/christians-from-ukraine-a-struggle-for-freedom-in-perigueux\/","url":"https:\/\/www.oeuvre-orient.fr\/en\/agenda\/christians-from-ukraine-a-struggle-for-freedom-in-perigueux\/","name":"Christians from Ukraine: A Struggle for Freedom in P\u00e9rigueux - \u0152uvre d&#039;orient","isPartOf":{"@id":"https:\/\/www.oeuvre-orient.fr\/#website"},"primaryImageOfPage":{"@id":"https:\/\/www.oeuvre-orient.fr\/en\/agenda\/christians-from-ukraine-a-struggle-for-freedom-in-perigueux\/#primaryimage"},"image":{"@id":"https:\/\/www.oeuvre-orient.fr\/en\/agenda\/christians-from-ukraine-a-struggle-for-freedom-in-perigueux\/#primaryimage"},"thumbnailUrl":"https:\/\/www.oeuvre-orient.fr\/wp-content\/uploads\/2026\/09\/20.jpg","datePublished":"2026-09-01T12:58:45+00:00","dateModified":"2026-09-03T07:04:12+00:00","breadcrumb":{"@id":"https:\/\/www.oeuvre-orient.fr\/en\/agenda\/christians-from-ukraine-a-struggle-for-freedom-in-perigueux\/#breadcrumb"},"inLanguage":"en-US","potentialAction":[{"@type":"ReadAction","target":["https:\/\/www.oeuvre-orient.fr\/en\/agenda\/christians-from-ukraine-a-struggle-for-freedom-in-perigueux\/"]}]},{"@type":"ImageObject","inLanguage":"en-US","@id":"https:\/\/www.oeuvre-orient.fr\/en\/agenda\/christians-from-ukraine-a-struggle-for-freedom-in-perigueux\/#primaryimage","url":"https:\/\/www.oeuvre-orient.fr\/wp-content\/uploads\/2026\/09\/20.jpg","contentUrl":"https:\/\/www.oeuvre-orient.fr\/wp-content\/uploads\/2026\/09\/20.jpg","width":1024,"height":581,"caption":"Activit\u00e9 des 180 s\u00e9minaristes d'Ivano Frankivsk durant l'ann\u00e9e 2023-2024."},{"@type":"BreadcrumbList","@id":"https:\/\/www.oeuvre-orient.fr\/en\/agenda\/christians-from-ukraine-a-struggle-for-freedom-in-perigueux\/#breadcrumb","itemListElement":[{"@type":"ListItem","position":1,"name":"Home","item":"https:\/\/www.oeuvre-orient.fr\/en\/"},{"@type":"ListItem","position":2,"name":"Calendar","item":"https:\/\/www.oeuvre-orient.fr\/en\/agenda\/"},{"@type":"ListItem","position":3,"name":"Christians from Ukraine: A Struggle for Freedom in P\u00e9rigueux"}]},{"@type":"WebSite","@id":"https:\/\/www.oeuvre-orient.fr\/#website","url":"https:\/\/www.oeuvre-orient.fr\/","name":"\u0152uvre d&#039;orient","description":"","potentialAction":[{"@type":"SearchAction","target":{"@type":"EntryPoint","urlTemplate":"https:\/\/www.oeuvre-orient.fr\/?s={search_term_string}"},"query-input":{"@type":"PropertyValueSpecification","valueRequired":true,"valueName":"search_term_string"}}],"inLanguage":"en-US"}]}},"_links":{"self":[{"href":"https:\/\/www.oeuvre-orient.fr\/en\/wp-json\/wp\/v2\/agenda\/15877","targetHints":{"allow":["GET"]}}],"collection":[{"href":"https:\/\/www.oeuvre-orient.fr\/en\/wp-json\/wp\/v2\/agenda"}],"about":[{"href":"https:\/\/www.oeuvre-orient.fr\/en\/wp-json\/wp\/v2\/types\/agenda"}],"wp:featuredmedia":[{"embeddable":true,"href":"https:\/\/www.oeuvre-orient.fr\/en\/wp-json\/wp\/v2\/media\/15411"}],"wp:attachment":[{"href":"https:\/\/www.oeuvre-orient.fr\/en\/wp-json\/wp\/v2\/media?parent=15877"}],"wp:term":[{"taxonomy":"post_tag","embeddable":true,"href":"https:\/\/www.oeuvre-orient.fr\/en\/wp-json\/wp\/v2\/tags?post=15877"},{"taxonomy":"thematique","embeddable":true,"href":"https:\/\/www.oeuvre-orient.fr\/en\/wp-json\/wp\/v2\/thematique?post=15877"}],"curies":[{"name":"wp","href":"https:\/\/api.w.org\/{rel}","templated":true}]}}

Christians from Ukraine: A Struggle for Freedom in Périgueux

<p class="has-text-align-center has-vivid-cyan-blue-color has-text-color has-link-color wp-elements-1 wp-block-paragraph"><strong>Exhibition on Ukraine </strong></p>



<p class="has-text-align-center wp-block-paragraph">July 15 through September 15, 2026</p>



<p class="has-text-align-center wp-block-paragraph">Saint-Front Cathedral, Place de la Clautre, 24000 &#8211; Périgueux</p>



<p class="wp-block-paragraph">At the crossroads of the Catholic and Orthodox worlds, and <strong>of</strong> Slavic and Byzantine traditions, the <strong>Ukrainian Greek Catholic Church has a rich and complex history</strong>. This exhibition invites you to explore it.</p>



<p class="wp-block-paragraph">On Europe’s eastern border, Ukraine has been <strong>rooted in Slavic culture and Byzantine Christianity</strong> since the 9th century. The Church emerged within Kievan Rus’, an East Slavic principality, and grew alongside the history of that region. At the crossroads of influences from Constantinople, Rome, and Moscow, this position shaped <strong>a unique rite and spirituality</strong>. Though often marked by divisions, the Church of Kyiv remains driven by a desire for unity.</p>



<p class="wp-block-paragraph">The Ukrainian Greek Catholic Church holds a unique place. As the successor to the Church founded in Kyiv, which was united with Rome in the 16th century, it preserves its own rite and liturgy. <strong>Often persecuted throughout its history,</strong> the Greek Catholic Church has been a cradle of the emergence of Ukrainian national identity and has fought for freedom.<br>Suppressed for 45 years under Soviet rule, it has experienced a remarkable revival since the 1990s. In the war with Russia, the Greek Catholic Church provides <strong>social and spiritual support for the benefit of all</strong>. This exhibition invites us to discover its tumultuous history and, through it, the history of Ukraine as a whole.</p>

<p>Exhibition on Ukraine  July 15 through September 15, 2026 Saint-Front Cathedral, Place de la Clautre, 24000 &#8211; Périgueux At the crossroads of the Catholic and Orthodox worlds, and of Slavic and Byzantine traditions, the Ukrainian Greek Catholic Church has a rich and complex history. This exhibition invites you to explore it. On Europe’s eastern border, [&hellip;]</p>

<!-- This site is optimized with the Yoast SEO plugin v28.4 - https://yoast.com/product/yoast-seo-wordpress/ -->
<title>Christians from Ukraine: A Struggle for Freedom in Périgueux - Œuvre d&#039;orient</title>
<meta name="robots" content="index, follow, max-snippet:-1, max-image-preview:large, max-video-preview:-1" />
<link rel="canonical" href="https://www.oeuvre-orient.fr/en/agenda/christians-from-ukraine-a-struggle-for-freedom-in-perigueux/" />
<meta property="og:locale" content="en_US" />
<meta property="og:type" content="article" />
<meta property="og:title" content="Christians from Ukraine: A Struggle for Freedom in Périgueux - Œuvre d&#039;orient" />
<meta property="og:description" content="Exhibition on Ukraine  July 15 through September 15, 2026 Saint-Front Cathedral, Place de la Clautre, 24000 &#8211; Périgueux At the crossroads of the Catholic and Orthodox worlds, and of Slavic and Byzantine traditions, the Ukrainian Greek Catholic Church has a rich and complex history. This exhibition invites you to explore it. On Europe’s eastern border, [&hellip;]" />
<meta property="og:url" content="https://www.oeuvre-orient.fr/en/agenda/christians-from-ukraine-a-struggle-for-freedom-in-perigueux/" />
<meta property="og:site_name" content="Œuvre d&#039;orient" />
<meta property="article:modified_time" content="2026-09-03T07:04:12+00:00" />
<meta property="og:image" content="https://www.oeuvre-orient.fr/wp-content/uploads/2026/09/20.jpg" />
	<meta property="og:image:width" content="1024" />
	<meta property="og:image:height" content="581" />
	<meta property="og:image:type" content="image/jpeg" />
<meta name="twitter:card" content="summary_large_image" />
<meta name="twitter:label1" content="Est. reading time" />
	<meta name="twitter:data1" content="2 minutes" />
<script type="application/ld+json" class="yoast-schema-graph">{"@context":"https:\/\/schema.org","@graph":[{"@type":"WebPage","@id":"https:\/\/www.oeuvre-orient.fr\/en\/agenda\/christians-from-ukraine-a-struggle-for-freedom-in-perigueux\/","url":"https:\/\/www.oeuvre-orient.fr\/en\/agenda\/christians-from-ukraine-a-struggle-for-freedom-in-perigueux\/","name":"Christians from Ukraine: A Struggle for Freedom in Périgueux - Œuvre d&#039;orient","isPartOf":{"@id":"https:\/\/www.oeuvre-orient.fr\/#website"},"primaryImageOfPage":{"@id":"https:\/\/www.oeuvre-orient.fr\/en\/agenda\/christians-from-ukraine-a-struggle-for-freedom-in-perigueux\/#primaryimage"},"image":{"@id":"https:\/\/www.oeuvre-orient.fr\/en\/agenda\/christians-from-ukraine-a-struggle-for-freedom-in-perigueux\/#primaryimage"},"thumbnailUrl":"https:\/\/www.oeuvre-orient.fr\/wp-content\/uploads\/2026\/09\/20.jpg","datePublished":"2026-09-01T12:58:45+00:00","dateModified":"2026-09-03T07:04:12+00:00","breadcrumb":{"@id":"https:\/\/www.oeuvre-orient.fr\/en\/agenda\/christians-from-ukraine-a-struggle-for-freedom-in-perigueux\/#breadcrumb"},"inLanguage":"en-US","potentialAction":[{"@type":"ReadAction","target":["https:\/\/www.oeuvre-orient.fr\/en\/agenda\/christians-from-ukraine-a-struggle-for-freedom-in-perigueux\/"]}]},{"@type":"ImageObject","inLanguage":"en-US","@id":"https:\/\/www.oeuvre-orient.fr\/en\/agenda\/christians-from-ukraine-a-struggle-for-freedom-in-perigueux\/#primaryimage","url":"https:\/\/www.oeuvre-orient.fr\/wp-content\/uploads\/2026\/09\/20.jpg","contentUrl":"https:\/\/www.oeuvre-orient.fr\/wp-content\/uploads\/2026\/09\/20.jpg","width":1024,"height":581,"caption":"Activité des 180 séminaristes d'Ivano Frankivsk durant l'année 2023-2024."},{"@type":"BreadcrumbList","@id":"https:\/\/www.oeuvre-orient.fr\/en\/agenda\/christians-from-ukraine-a-struggle-for-freedom-in-perigueux\/#breadcrumb","itemListElement":[{"@type":"ListItem","position":1,"name":"Home","item":"https:\/\/www.oeuvre-orient.fr\/en\/"},{"@type":"ListItem","position":2,"name":"Calendar","item":"https:\/\/www.oeuvre-orient.fr\/en\/agenda\/"},{"@type":"ListItem","position":3,"name":"Christians from Ukraine: A Struggle for Freedom in Périgueux"}]},{"@type":"WebSite","@id":"https:\/\/www.oeuvre-orient.fr\/#website","url":"https:\/\/www.oeuvre-orient.fr\/","name":"Œuvre d&#039;orient","description":"","potentialAction":[{"@type":"SearchAction","target":{"@type":"EntryPoint","urlTemplate":"https:\/\/www.oeuvre-orient.fr\/?s={search_term_string}"},"query-input":{"@type":"PropertyValueSpecification","valueRequired":true,"valueName":"search_term_string"}}],"inLanguage":"en-US"}]}</script>
<!-- / Yoast SEO plugin. -->

Christians from Ukraine: A Struggle for Freedom in Périgueux - Œuvre d&#039;orient

Exhibition on Ukraine  July 15 through September 15, 2026 Saint-Front Cathedral, Place de la Clautre, 24000 &#8211; Périgueux At the crossroads of the Catholic and Orthodox worlds, and of Slavic and Byzantine traditions, the Ukrainian Greek Catholic Church has a rich and complex history. This exhibition invites you to explore it. On Europe’s eastern border, [&hellip;]

Œuvre d&#039;orient

Activité des 180 séminaristes d'Ivano Frankivsk durant l'année 2023-2024.
